{"id":97,"date":"2022-10-17T11:10:00","date_gmt":"2022-10-17T11:10:00","guid":{"rendered":"http:\/\/teszt.trendkft.hu\/?page_id=97"},"modified":"2022-10-17T11:10:00","modified_gmt":"2022-10-17T11:10:00","slug":"pregeles-tamponnyomas","status":"publish","type":"page","link":"http:\/\/www.trendkft.hu\/?page_id=97","title":{"rendered":"Pr\u00e9gel\u00e9s, Tamponnyom\u00e1s"},"content":{"rendered":"<p>A korszer\u0171 eszt\u00e9tikai megjelen\u00e9st illet\u0151en az \u00e1ltalunk k\u00e9sz\u00edtett alkatr\u00e9szek kifog\u00e1stalan min\u0151s\u00e9g\u0171 fel\u00fcletkezel\u00e9s\u00e9t (dekor\u00e1ci\u00f3s technol\u00f3gi\u00e1k; pr\u00e9gel\u00e9s \u00e9s tamponnyom\u00e1s) is elv\u00e9gezz\u00fck a vev\u0151i ig\u00e9nyeknek \u00e9s k\u00e9r\u00e9seknek megfelel\u0151en.<\/p>\n<p>Rendelkez\u00e9sre \u00e1ll\u00f3 g\u00e9peink:<\/p>\n<ul>\n<li>1 db. Teca-Print P 50,<\/li>\n<li>1 db. Teca-Print PE 1200,<\/li>\n<li>1 db. Teca-Print (egyedi megjel\u00f6l\u00e9s)<\/li>\n<li>2 db. Teca-Print TPU 250,<\/li>\n<li>3 db. Teca-Print TPX 250,<\/li>\n<li>4 db. Teca-Print TPX 500.<\/li>\n<\/ul>\n<p><img loading=\"lazy\" class=\"aligncenter wp-image-98 size-full\" src=\"http:\/\/teszt.trendkft.hu\/wp-content\/uploads\/2022\/10\/kollazs_pregeles.png\" alt=\"\" width=\"600\" height=\"800\" srcset=\"http:\/\/www.trendkft.hu\/wp-content\/uploads\/2022\/10\/kollazs_pregeles.png 600w, http:\/\/www.trendkft.hu\/wp-content\/uploads\/2022\/10\/kollazs_pregeles-225x300.png 225w\" sizes=\"(max-width: 600px) 100vw, 600px\" \/><\/p>\n","protected":false},"excerpt":{"rendered":"<p>A korszer\u0171 eszt\u00e9tikai megjelen\u00e9st illet\u0151en az \u00e1ltalunk k\u00e9sz\u00edtett alkatr\u00e9szek kifog\u00e1stalan min\u0151s\u00e9g\u0171 fel\u00fcletkezel\u00e9s\u00e9t (dekor\u00e1ci\u00f3s technol\u00f3gi\u00e1k; pr\u00e9gel\u00e9s \u00e9s tamponnyom\u00e1s) is elv\u00e9gezz\u00fck a vev\u0151i ig\u00e9nyeknek \u00e9s k\u00e9r\u00e9seknek megfelel\u0151en. Rendelkez\u00e9sre \u00e1ll\u00f3 g\u00e9peink: 1 db. Teca-Print P 50, 1 db. Teca-Print PE 1200, 1 db. Teca-Print (egyedi megjel\u00f6l\u00e9s) 2 db. Teca-Print TPU 250, 3 db. Teca-Print TPX 250, 4 db. [&hellip;]<\/p>\n","protected":false},"author":1,"featured_media":0,"parent":0,"menu_order":0,"comment_status":"closed","ping_status":"closed","template":"","meta":{"ngg_post_thumbnail":0},"_links":{"self":[{"href":"http:\/\/www.trendkft.hu\/index.php?rest_route=\/wp\/v2\/pages\/97"}],"collection":[{"href":"http:\/\/www.trendkft.hu\/index.php?rest_route=\/wp\/v2\/pages"}],"about":[{"href":"http:\/\/www.trendkft.hu\/index.php?rest_route=\/wp\/v2\/types\/page"}],"author":[{"embeddable":true,"href":"http:\/\/www.trendkft.hu\/index.php?rest_route=\/wp\/v2\/users\/1"}],"replies":[{"embeddable":true,"href":"http:\/\/www.trendkft.hu\/index.php?rest_route=%2Fwp%2Fv2%2Fcomments&post=97"}],"version-history":[{"count":1,"href":"http:\/\/www.trendkft.hu\/index.php?rest_route=\/wp\/v2\/pages\/97\/revisions"}],"predecessor-version":[{"id":99,"href":"http:\/\/www.trendkft.hu\/index.php?rest_route=\/wp\/v2\/pages\/97\/revisions\/99"}],"wp:attachment":[{"href":"http:\/\/www.trendkft.hu\/index.php?rest_route=%2Fwp%2Fv2%2Fmedia&parent=97"}],"curies":[{"name":"wp","href":"https:\/\/api.w.org\/{rel}","templated":true}]}}