{"id":188,"date":"2022-10-17T12:39:53","date_gmt":"2022-10-17T12:39:53","guid":{"rendered":"http:\/\/teszt.trendkft.hu\/?page_id=188"},"modified":"2022-10-17T12:39:53","modified_gmt":"2022-10-17T12:39:53","slug":"our-machines","status":"publish","type":"page","link":"http:\/\/www.trendkft.hu\/?page_id=188&lang=en","title":{"rendered":"Our machines"},"content":{"rendered":"<p>Jelenleg az al\u00e1bbi g\u00e9pekkel \u00e1llunk megrendel\u0151ink rendelkez\u00e9s\u00e9re.<\/p>\n<div align=\"center\">\n<table border=\"1\" cellspacing=\"1\" cellpadding=\"3\" align=\"center\">\n<tbody>\n<tr>\n<td bgcolor=\"#cccccc\">\u00a0<strong>Designation<\/strong><\/td>\n<td bgcolor=\"#cccccc\">\u00a0<strong>Quantity<\/strong><\/td>\n<\/tr>\n<tr>\n<td>FNGJ Universal milling<\/td>\n<td>1<\/td>\n<\/tr>\n<tr>\n<td>Horizontal drilling and milling machine<\/td>\n<td>1<\/td>\n<\/tr>\n<tr>\n<td>Plane grinding<\/td>\n<td>2<\/td>\n<\/tr>\n<tr>\n<td>Panel grinding<\/td>\n<td>2<\/td>\n<\/tr>\n<tr>\n<td>Profile grinding<\/td>\n<td>2<\/td>\n<\/tr>\n<tr>\n<td>Lathe machine<\/td>\n<td>2<\/td>\n<\/tr>\n<tr>\n<td>NC lathe machine<\/td>\n<td>1<\/td>\n<\/tr>\n<tr>\n<td>DMU 50 CNC Milling machine 3D<\/td>\n<td>1<\/td>\n<\/tr>\n<tr>\n<td>DMU 100 CNC Milling machine 3D<\/td>\n<td>1<\/td>\n<\/tr>\n<tr>\n<td>Mitsubishi wire spark turning machine<\/td>\n<td>1<\/td>\n<\/tr>\n<tr>\n<td>Ingersoll block spark turning machine<\/td>\n<td>1<\/td>\n<\/tr>\n<tr>\n<td>Traditional block spark turning machine<\/td>\n<td>1<\/td>\n<\/tr>\n<tr>\n<td>Roders 5D CNC milling \u00a0machine<\/td>\n<td>1<\/td>\n<\/tr>\n<tr>\n<td>Lazer Welding machine<\/td>\n<td>1<\/td>\n<\/tr>\n<tr>\n<td>Cutting sawing machine<\/td>\n<td>1<\/td>\n<\/tr>\n<\/tbody>\n<\/table>\n<\/div>\n","protected":false},"excerpt":{"rendered":"<p>Jelenleg az al\u00e1bbi g\u00e9pekkel \u00e1llunk megrendel\u0151ink rendelkez\u00e9s\u00e9re. \u00a0Designation \u00a0Quantity FNGJ Universal milling 1 Horizontal drilling and milling machine 1 Plane grinding 2 Panel grinding 2 Profile grinding 2 Lathe machine 2 NC lathe machine 1 DMU 50 CNC Milling machine 3D 1 DMU 100 CNC Milling machine 3D 1 Mitsubishi wire spark turning machine 1 [&hellip;]<\/p>\n","protected":false},"author":1,"featured_media":0,"parent":0,"menu_order":0,"comment_status":"closed","ping_status":"closed","template":"","meta":{"ngg_post_thumbnail":0},"_links":{"self":[{"href":"http:\/\/www.trendkft.hu\/index.php?rest_route=\/wp\/v2\/pages\/188"}],"collection":[{"href":"http:\/\/www.trendkft.hu\/index.php?rest_route=\/wp\/v2\/pages"}],"about":[{"href":"http:\/\/www.trendkft.hu\/index.php?rest_route=\/wp\/v2\/types\/page"}],"author":[{"embeddable":true,"href":"http:\/\/www.trendkft.hu\/index.php?rest_route=\/wp\/v2\/users\/1"}],"replies":[{"embeddable":true,"href":"http:\/\/www.trendkft.hu\/index.php?rest_route=%2Fwp%2Fv2%2Fcomments&post=188"}],"version-history":[{"count":1,"href":"http:\/\/www.trendkft.hu\/index.php?rest_route=\/wp\/v2\/pages\/188\/revisions"}],"predecessor-version":[{"id":189,"href":"http:\/\/www.trendkft.hu\/index.php?rest_route=\/wp\/v2\/pages\/188\/revisions\/189"}],"wp:attachment":[{"href":"http:\/\/www.trendkft.hu\/index.php?rest_route=%2Fwp%2Fv2%2Fmedia&parent=188"}],"curies":[{"name":"wp","href":"https:\/\/api.w.org\/{rel}","templated":true}]}}