{"id":148,"date":"2022-10-17T12:19:33","date_gmt":"2022-10-17T12:19:33","guid":{"rendered":"http:\/\/teszt.trendkft.hu\/?page_id=148"},"modified":"2022-10-17T12:19:33","modified_gmt":"2022-10-17T12:19:33","slug":"ottengelyes-cnc-maras","status":"publish","type":"page","link":"http:\/\/www.trendkft.hu\/?page_id=148","title":{"rendered":"\u00d6ttengelyes CNC mar\u00e1s"},"content":{"rendered":"<p>RODERS RFM600DS \u00d6TTENGELYES HSC-MAR\u00d3G\u00c9P<\/p>\n<p>A mar\u00f3g\u00e9p \u00f6ttengelyes megmunk\u00e1l\u00e1s alkalmaz\u00e1s\u00e1val, HSC-technol\u00f3gi\u00e1val, folyamatos z\u00e1rt rendszer\u0171 elsz\u00edv\u00e1s mellet a grafit elektr\u00f3da gy\u00e1rt\u00e1s eszk\u00f6ze. Ezen k\u00edv\u00fcl bet\u00e9tek, formalapok megmunk\u00e1l\u00e1s\u00e1ra haszn\u00e1ljuk, kem\u00e9nymar\u00e1s alkalmaz\u00e1s\u00e1val.<\/p>\n<p><img loading=\"lazy\" class=\"aligncenter wp-image-149 size-full\" src=\"http:\/\/teszt.trendkft.hu\/wp-content\/uploads\/2022\/10\/kollazs_ottengelyes_cnc_maras.png\" alt=\"\" width=\"600\" height=\"800\" srcset=\"http:\/\/www.trendkft.hu\/wp-content\/uploads\/2022\/10\/kollazs_ottengelyes_cnc_maras.png 600w, http:\/\/www.trendkft.hu\/wp-content\/uploads\/2022\/10\/kollazs_ottengelyes_cnc_maras-225x300.png 225w\" sizes=\"(max-width: 600px) 100vw, 600px\" \/><\/p>\n","protected":false},"excerpt":{"rendered":"<p>RODERS RFM600DS \u00d6TTENGELYES HSC-MAR\u00d3G\u00c9P A mar\u00f3g\u00e9p \u00f6ttengelyes megmunk\u00e1l\u00e1s alkalmaz\u00e1s\u00e1val, HSC-technol\u00f3gi\u00e1val, folyamatos z\u00e1rt rendszer\u0171 elsz\u00edv\u00e1s mellet a grafit elektr\u00f3da gy\u00e1rt\u00e1s eszk\u00f6ze. Ezen k\u00edv\u00fcl bet\u00e9tek, formalapok megmunk\u00e1l\u00e1s\u00e1ra haszn\u00e1ljuk, kem\u00e9nymar\u00e1s alkalmaz\u00e1s\u00e1val.<\/p>\n","protected":false},"author":1,"featured_media":0,"parent":0,"menu_order":0,"comment_status":"closed","ping_status":"closed","template":"","meta":{"ngg_post_thumbnail":0},"_links":{"self":[{"href":"http:\/\/www.trendkft.hu\/index.php?rest_route=\/wp\/v2\/pages\/148"}],"collection":[{"href":"http:\/\/www.trendkft.hu\/index.php?rest_route=\/wp\/v2\/pages"}],"about":[{"href":"http:\/\/www.trendkft.hu\/index.php?rest_route=\/wp\/v2\/types\/page"}],"author":[{"embeddable":true,"href":"http:\/\/www.trendkft.hu\/index.php?rest_route=\/wp\/v2\/users\/1"}],"replies":[{"embeddable":true,"href":"http:\/\/www.trendkft.hu\/index.php?rest_route=%2Fwp%2Fv2%2Fcomments&post=148"}],"version-history":[{"count":1,"href":"http:\/\/www.trendkft.hu\/index.php?rest_route=\/wp\/v2\/pages\/148\/revisions"}],"predecessor-version":[{"id":150,"href":"http:\/\/www.trendkft.hu\/index.php?rest_route=\/wp\/v2\/pages\/148\/revisions\/150"}],"wp:attachment":[{"href":"http:\/\/www.trendkft.hu\/index.php?rest_route=%2Fwp%2Fv2%2Fmedia&parent=148"}],"curies":[{"name":"wp","href":"https:\/\/api.w.org\/{rel}","templated":true}]}}